- 5*c + 84 = 0. What are the prime factors of l?
2, 3
Let s = 1 + -1. Suppose v + s*v = 1, -x + 4*v = 6. List the prime factors of ((-20)/25)/(x/5).
2
What are the prime factors of (-1 - -15)/((-6)/(-21))?
7
Let v(r) = r**3 + 4*r**2 + r + 1. Let s be v(-3). Suppose 2*f - 3 = s. What are the prime factors of (-26)/(-6) + f/(-15)?
2
Suppose -105 = -4*b + 19. Suppose -2*z + b = -3*u, -4*z - 3*u - 4 = -21. Let p = 19 - z. List the prime factors of p.
11
Let c(a) = a**3 + a**2 + 4*a. Let y be c(3). Let w = -3 - -6. Suppose -y = w*b - 6*b. List the prime factors of b.
2
Let z(t) = t**2 + 10*t. Let f be z(-10). List the prime factors of f/((-4)/1) - -49.
7
Let p = 1 + -5. Let z be -1 + (p + 3)*-4. List the prime factors of 21 - (z - (2 - -1)).
3, 7
Suppose 3*b - 5*z = 169, 3*b - 2*z = -3*z + 175. List the prime factors of b.
2, 29
List the prime factors of (-3)/(24/(-1468)) - (-4)/(-8).
3, 61
What are the prime factors of 70/15*18/4?
3, 7
Let x be 326/9 - (-6)/(-27). Let o = x + -19. List the prime factors of o.
17
Suppose i - 66 = 28. Suppose -2*k - 5*n + 24 = -17, -5*k = 4*n - i. List the prime factors of k.
2, 3
Let y(n) = n**3 - n**2 - n + 4. Let b be y(0). Suppose 4*a = -0*t + t + 89, b*t = -2*a + 58. What are the prime factors of a?
23
Let v be 78/3 - 1 - 2. Let h = v + -5. List the prime factors of h.
2, 3
Let v(a) = 4*a - 2. Let n be v(2). Suppose -x + 5 = -n*x. List the prime factors of 10 + x + 6/2.
2, 3
Suppose v + 5 = -0, -2*s - v + 5 = 0. Suppose -d - 52 = -s*u, 2*u - 3*d - 26 = -0*d. What are the prime factors of u?
2, 5
Let o be 16/10 - 8/(-20). Suppose -c = -3*c + 10. Suppose -o*g + c = -5. List the prime factors of g.
5
Let f be (-2)/(-5) + 6/(-15). Suppose 0 = t - f*t - 14. What are the prime factors of 1 - 3*t/(-3)?
3, 5
Let r = -7 - -21. List the prime factors of r.
2, 7
Suppose -t - 510 = -7*t. List the prime factors of t.
5, 17
What are the prime factors of (-2527)/(-49) - (-3)/7?
2, 13
Let o be (1 - 0) + -2 + -4. Suppose 0 = -2*b - 2*b + 24. Let w = b - o. What are the prime factors of w?
11
List the prime factors of 0/1 - (0 + -1)*237.
3, 79
Let d(k) = 9*k - 8. List the prime factors of d(4).
2, 7
Suppose 0 = 23*a - 1924 - 261. What are the prime factors of a?
5, 19
Suppose 0 = 3*v - v - 8. Let f be ((-2)/v)/(3/(-6)). Let s(y) = 6*y**2 + y - 1. What are the prime factors of s(f)?
2, 3
What are the prime factors of (50/3)/(5/30)?
2, 5
Let b(q) = q**2 - 6*q + 6. Let f = 2 + 2. Suppose -l = f*k - 28, -3*k - 2*l + 3*l = -14. List the prime factors of b(k).
2, 3
Let t = -4 - -5. Let b be 308/16 + t/(-4). Suppose 0 = -4*q + 29 + b. List the prime factors of q.
2, 3
Suppose 15 = 5*f - 4*f. Let c = f + -11. Suppose 0*p - c = -2*k + p, 4*p = 0. What are the prime factors of k?
2
What are the prime factors of (-105)/(-12) - (-4)/16?
3
Suppose 5*n = -2*c + 21, 0 = -0*n + n - 4*c + 9. Suppose n*j + 2*f - 37 = 0, -3*j + 43 = 2*f + 3*f. What are the prime factors of j?
11
Suppose 0*d - 352 = -5*g + 3*d, -5*g = d - 336. List the prime factors of g.
2, 17
Suppose 509 = 3*s + 5*t, 3*t - 379 = -4*s + 285. What are the prime factors of s?
163
Let x(g) = -4*g**3 - 4*g**2 + 6*g + 6. Let h(u) = -9*u**3 - 9*u**2 + 13*u + 13. Let z(p) = -3*h(p) + 7*x(p). Let q be z(-2). List the prime factors of q*26*4/8.
13
Suppose 2*r = 4*r - 8. Let d = 17 - r. List the prime factors of d.
13
Let m(s) = 6*s - 14. What are the prime factors of m(8)?
2, 17
Let m = 3 - -2. Suppose -i + 46 = 2*z, 2*z - m*z = i - 44. What are the prime factors of i?
2, 5
Suppose -3*z = -0*r + 2*r + 10, r = z - 5. Suppose 4*h + 16 - 68 = z. List the prime factors of h.
13
Let s = -16 + 22. Let z = -1 + s. List the prime factors of z.
5
Suppose 0 = -n + 4*g - 10, 5*n + 29 = -3*g + 2*g. Let p(l) = l**2 + 3*l - 7. Let s be p(n). What are the prime factors of s/3 - (-16)/(-24)?
3
Let a(o) = o**3 - 4*o**2 + 2*o - 3. What are the prime factors of a(5)?
2
Suppose 4*l = -0*l - 20. Let u be l/(5/(-4)) - 1. Suppose 0 = u*f - 0*f - 39. List the prime factors of f.
13
Let u = -8 - -34. List the prime factors of u.
2, 13
Let n be (-14)/7 - (-4 - 0). Let o(m) = 5 + m + 6*m**2 - n - 5*m**3 + 4*m**3. List the prime factors of o(6).
3
Let x(c) = -2 + 2 + 6*c - 2 + 4. What are the prime factors of x(2)?
2, 7
Suppose 2*z + 511 = -n + 6*n, 0 = 3*z + 9. List the prime factors of n.
101
List the prime factors of (27/(-6))/((-3)/30).
3, 5
Suppose 5 = -5*p - 0*p. Let g = p + 2. List the prime factors of 7 - (2/g)/(-2).
2
Let c be 4/(-12) + (-147)/(-9). Let s = c + -13. List the prime factors of s.
3
Suppose -2*m + 80 = 3*m. Let p = m + -6. List the prime factors of p.
2, 5
What are the prime factors of (-1415)/(-30) + 1/(-6)?
47
What are the prime factors of 2720/7 + (-3)/(-7)?
389
Suppose 4*w - 400 = 60. What are the prime factors of w?
5, 23
Let o be 0*(2 - (2 - 1)). Suppose v - 5 = -3*s, -s + v + 7 = -o*s. List the prime factors of s.
3
Let x = 3 - -1. Suppose -4*i + x*f + 26 = -78, -5*f + 90 = 5*i. What are the prime factors of i?
2, 11
Let f be 1 - (2 + -6 + 3). Let s(u) = 7*u**3 - 2*u**2 + u + 1. What are the prime factors of s(f)?
3, 17
Suppose 3*u = -6 + 15. Suppose w - 3*o + 10 = -u, w + 18 = 4*o. Suppose -3 = -w*k + 1. List the prime factors of k.
2
Let l(a) = -a**2 - 11*a - 5. What are the prime factors of l(-7)?
23
Let s be (5/3)/((-1)/(-3)). Suppose -3*j + 4*q = -37, -50 = -s*j + j + 5*q. What are the prime factors of j?
3, 5
Let x = 142 + -51. List the prime factors of x.
7, 13
Suppose 3*t - 350 = -b, 2*t = -t + 5*b + 374. What are the prime factors of t?
2, 59
Suppose -227 = -4*x + r, 2*x - 111 = -r + 2*r. What are the prime factors of x?
2, 29
Suppose 2*h = -c + 3*h - 2, -28 = -4*c - 5*h. Suppose 0 = u - 5*u - 12, -2*q = -c*u - 14. What are the prime factors of q?
2
Let f be (8/(-10))/((-4)/10). Suppose 2*v - 4 = -2*z, 4*v - 4*z + 13 = 3*v. What are the prime factors of (v/f)/((-4)/104)?
13
Let o(b) = b**3 - 6*b**2 - 11*b + 10. What are the prime factors of o(9)?
2, 7, 11
List the prime factors of 4/12*767 - (-1)/3.
2
Let y(c) be the first derivative of -c**4/4 + 4*c**3/3 + 4*c**2 - 5*c + 1. Suppose -a = 4*a - 25. List the prime factors of y(a).
2, 5
Let v be 12*(2 - 3) - 0. List the prime factors of (v/(-18))/((-2)/(-36)).
2, 3
Suppose 0 = b + 3*v - 339, -v - 3 = -2. What are the prime factors of b?
2, 3, 19
Let c(s) = s**3 - 4*s**2 + 4*s - 19. List the prime factors of c(8).
269
Suppose 2*t - 4*t - 8 = 0, -2*q = -t - 74. List the prime factors of q.
5, 7
Let l(y) = 9*y + 1. Suppose 2*z - 3*b - 11 = 0, 4*z - 2*b + 4*b + 2 = 0. What are the prime factors of l(z)?
2, 5
Suppose -1 + 7 = q. List the prime factors of q.
2, 3
Let b = -4 - -15. What are the prime factors of b?
11
Let r(x) = x**2 - 7*x + 10. List the prime factors of r(10).
2, 5
Let g(y) = y**2 - y + 20. What are the prime factors of g(14)?
2, 101
Suppose 0 = -0*a + 5*a - 380. List the prime factors of a.
2, 19
Suppose 4*a = 26 + 42. What are the prime factors of a?
17
Let h(y) = y**2 - 2*y + 9. What are the prime factors of h(-8)?
89
Let n(b) = b**2 + 4*b. What are the prime factors of n(4)?
2
Let k(c) = c**3 - 2*c + 158. List the prime factors of k(0).
2, 79
Suppose -2*b + 258 = 3*w, 0 = 3*w - 0*b - b - 249. List the prime factors of w.
2, 3, 7
Let u(l) = 4*l - 3. Let h be u(2). List the prime factors of 1/h - (-119)/5.
2, 3
Let d(p) = -7*p - 1. List the prime factors of d(-4).
3
Suppose 27*t - 34*t = -1239. List the prime factors of t.
3, 59
Suppose 2*w - 4*w - 2*z = 8, 5*w - 3*z = 12. Suppose -3*g + w*g = -5*l + 156, -8 = 4*g. What are the prime factors of l?
2, 3, 5
Suppose -2*v + 8 = -2. Suppose y + s + 0*s = 1, v*s = -5. Suppose 0 = -3*d - y*d + 20. What are the prime factors of d?
2
Let o(j) = -j**3 - j**2 - 6*j + 7. What are the prime factors of o(-7)?
7
Let m(b) = b**2 + 2*b - 1. Let h be m(-3). What are the prime factors of 2/h - (-5 + -1)?
7
Suppose 4*v + 12 = 0, -5*g + 4*g = -2*v - 1. Let r(d) = 4*d**3 - 2*d**3 - d**3 + 6*d**2 + 2 + 3*d - 4. What are the prime factors of r(g)?
2
Let g = -3 - -6. Suppose -4*i + 2*c + 42 = 0, 2*c = -5*i + g*i + 12. What are the prime factors of i?
3
Let h(i) be the third derivative of i**2 - 1/3*i**3 - 1/8*i**4 + 1/15*i**5 + 0 + 1/120*i**6 + 0*i. List the prime factors of h(-4).
2, 5
Le